{"id":139,"date":"2009-01-07T17:18:30","date_gmt":"2009-01-07T16:18:30","guid":{"rendered":"http:\/\/www.neu.schwimmverein-friedrichsthal.de\/?page_id=139"},"modified":"2025-09-10T09:24:09","modified_gmt":"2025-09-10T08:24:09","slug":"schwimmkurs","status":"publish","type":"page","link":"https:\/\/www.schwimmverein-friedrichsthal.de\/?page_id=139","title":{"rendered":"Schwimmunterricht"},"content":{"rendered":"<p>Sicheres Schwimmen ist Ziel des Schwimmunterrichts. Voraussetzung ist, dass Ihr Kind bereits an das Element Wasser gew\u00f6hnt ist, d. h. das Ihr Kind keine Angst vor dem Wasser hat und ihm spritzendes Wasser und &#8222;Wasser im Gesicht&#8220; nichts ausmacht. Diese Gew\u00f6hnung kann durch private Schwimmbadbesuche oder unseren Wassergew\u00f6hnungs-Kurs erfolgen. Nur wenn Ihr Kind keine Angst vor dem Wasser hat, kann es schwimmen lernen!<\/p>\n<p style=\"text-align: center;\"><img loading=\"lazy\" decoding=\"async\" class=\"aligncenter size-full wp-image-140\" title=\"Schwimmkurs 1\" src=\"https:\/\/www.schwimmverein-friedrichsthal.de\/wp-content\/uploads\/2009\/01\/anf2.jpg\" alt=\"Schwimmkurs 1\" width=\"250\" height=\"187\" \/><em>Sicheres Erlernen zumindest einer Stilart ist Ziel des Unterrichts.<br \/>\nAm Ende steht die Abnahme des &#8222;Pinguin&#8220; oder des &#8222;Seepferdchen&#8220;.<\/em><\/p>\n<p><strong>Kurzinfo<\/strong><br \/>\nWasserbew\u00e4ltigung und Schwimmen lernen<br \/>\nSicher im Wasser werden<br \/>\nAlter: ab 5 Jahre<br \/>\nVoraussetzung ist, dass das Kind bereits an Wasser gew\u00f6hnt ist (entweder &#8222;privat&#8220; oder durch unsere Wassergew\u00f6hnung). Es ist nicht sinnvoll ein \u00e4ngstliches oder &#8222;wasserscheues&#8220; Kind direkt zum Schwimmunterricht zu bringen.<br \/>\nAnzahl Stunden: 18 (je 45 min)<br \/>\nKosten: EUR 70,- (incl. Eintritt)<\/p>\n<p><img loading=\"lazy\" decoding=\"async\" class=\"alignright size-full wp-image-141\" title=\"Schwimmkurs 2\" src=\"https:\/\/www.schwimmverein-friedrichsthal.de\/wp-content\/uploads\/2009\/01\/anf9.jpg\" alt=\"Schwimmkurs 2\" width=\"250\" height=\"187\" \/>Nat\u00fcrlich stehen auch moderne Hilfsmittel (Schwimmbretter, -nudeln, B\u00e4lle, Flossen) zur Verf\u00fcgung.<\/p>\n<p>In einer Gruppe werden 12 bis 15 Kinder von zwei \u00dcbungsleitern betreut.<\/p>\n","protected":false},"excerpt":{"rendered":"<p>Sicheres Schwimmen ist Ziel des Schwimmunterrichts. Voraussetzung ist, dass Ihr Kind bereits an das Element Wasser gew\u00f6hnt ist, d. h. [&hellip;]<\/p>\n","protected":false},"author":1,"featured_media":0,"parent":74,"menu_order":3,"comment_status":"closed","ping_status":"closed","template":"","meta":{"site-sidebar-layout":"default","site-content-layout":"","ast-site-content-layout":"","site-content-style":"default","site-sidebar-style":"default","ast-global-header-display":"","ast-banner-title-visibility":"","ast-main-header-display":"","ast-hfb-above-header-display":"","ast-hfb-below-header-display":"","ast-hfb-mobile-header-display":"","site-post-title":"","ast-breadcrumbs-content":"","ast-featured-img":"","footer-sml-layout":"","theme-transparent-header-meta":"","adv-header-id-meta":"","stick-header-meta":"","header-above-stick-meta":"","header-main-stick-meta":"","header-below-stick-meta":"","astra-migrate-meta-layouts":"default","ast-page-background-enabled":"default","ast-page-background-meta":{"desktop":{"background-color":"var(--ast-global-color-4)","background-image":"","background-repeat":"repeat","background-position":"center center","background-size":"auto","background-attachment":"scroll","background-type":"","background-media":"","overlay-type":"","overlay-color":"","overlay-opacity":"","overlay-gradient":""},"tablet":{"background-color":"","background-image":"","background-repeat":"repeat","background-position":"center center","background-size":"auto","background-attachment":"scroll","background-type":"","background-media":"","overlay-type":"","overlay-color":"","overlay-opacity":"","overlay-gradient":""},"mobile":{"background-color":"","background-image":"","background-repeat":"repeat","background-position":"center center","background-size":"auto","background-attachment":"scroll","background-type":"","background-media":"","overlay-type":"","overlay-color":"","overlay-opacity":"","overlay-gradient":""}},"ast-content-background-meta":{"desktop":{"background-color":"var(--ast-global-color-5)","background-image":"","background-repeat":"repeat","background-position":"center center","background-size":"auto","background-attachment":"scroll","background-type":"","background-media":"","overlay-type":"","overlay-color":"","overlay-opacity":"","overlay-gradient":""},"tablet":{"background-color":"var(--ast-global-color-5)","background-image":"","background-repeat":"repeat","background-position":"center center","background-size":"auto","background-attachment":"scroll","background-type":"","background-media":"","overlay-type":"","overlay-color":"","overlay-opacity":"","overlay-gradient":""},"mobile":{"background-color":"var(--ast-global-color-5)","background-image":"","background-repeat":"repeat","background-position":"center center","background-size":"auto","background-attachment":"scroll","background-type":"","background-media":"","overlay-type":"","overlay-color":"","overlay-opacity":"","overlay-gradient":""}},"footnotes":""},"class_list":["post-139","page","type-page","status-publish","hentry"],"_links":{"self":[{"href":"https:\/\/www.schwimmverein-friedrichsthal.de\/index.php?rest_route=\/wp\/v2\/pages\/139"}],"collection":[{"href":"https:\/\/www.schwimmverein-friedrichsthal.de\/index.php?rest_route=\/wp\/v2\/pages"}],"about":[{"href":"https:\/\/www.schwimmverein-friedrichsthal.de\/index.php?rest_route=\/wp\/v2\/types\/page"}],"author":[{"embeddable":true,"href":"https:\/\/www.schwimmverein-friedrichsthal.de\/index.php?rest_route=\/wp\/v2\/users\/1"}],"replies":[{"embeddable":true,"href":"https:\/\/www.schwimmverein-friedrichsthal.de\/index.php?rest_route=%2Fwp%2Fv2%2Fcomments&post=139"}],"version-history":[{"count":7,"href":"https:\/\/www.schwimmverein-friedrichsthal.de\/index.php?rest_route=\/wp\/v2\/pages\/139\/revisions"}],"predecessor-version":[{"id":5729,"href":"https:\/\/www.schwimmverein-friedrichsthal.de\/index.php?rest_route=\/wp\/v2\/pages\/139\/revisions\/5729"}],"up":[{"embeddable":true,"href":"https:\/\/www.schwimmverein-friedrichsthal.de\/index.php?rest_route=\/wp\/v2\/pages\/74"}],"wp:attachment":[{"href":"https:\/\/www.schwimmverein-friedrichsthal.de\/index.php?rest_route=%2Fwp%2Fv2%2Fmedia&parent=139"}],"curies":[{"name":"wp","href":"https:\/\/api.w.org\/{rel}","templated":true}]}}