{"id":4693,"date":"2018-05-27T20:45:10","date_gmt":"2018-05-27T19:45:10","guid":{"rendered":"http:\/\/www.schwimmverein-friedrichsthal.de\/?page_id=4693"},"modified":"2018-05-27T20:45:10","modified_gmt":"2018-05-27T19:45:10","slug":"miet-anfrage-schwimmer-treff","status":"publish","type":"page","link":"https:\/\/www.schwimmverein-friedrichsthal.de\/?page_id=4693","title":{"rendered":"Miet-Anfrage Schwimmer-Treff"},"content":{"rendered":"<p>Mit Hilfe dieses Formulars k\u00f6nnen Sie eine Miet-Anfrage f\u00fcr unser Vereinsheim &#8222;Schwimmer-Treff&#8220; stellen. Nach Eingang Ihrer Anfrage setzen wir uns mit Ihnen in Verbindung und teilen Ihnen mit, ob der gew\u00fcnschte Termin frei ist.<\/p>\n\n<div class=\"wpcf7 no-js\" id=\"wpcf7-f4695-o1\" lang=\"de-DE\" dir=\"ltr\" data-wpcf7-id=\"4695\">\n<div class=\"screen-reader-response\"><p role=\"status\" aria-live=\"polite\" aria-atomic=\"true\"><\/p> <ul><\/ul><\/div>\n<form action=\"\/index.php?rest_route=%2Fwp%2Fv2%2Fpages%2F4693#wpcf7-f4695-o1\" method=\"post\" class=\"wpcf7-form init\" aria-label=\"Kontaktformular\" novalidate=\"novalidate\" data-status=\"init\">\n<div style=\"display: none;\">\n<input type=\"hidden\" name=\"_wpcf7\" value=\"4695\" \/>\n<input type=\"hidden\" name=\"_wpcf7_version\" value=\"6.0.1\" \/>\n<input type=\"hidden\" name=\"_wpcf7_locale\" value=\"de_DE\" \/>\n<input type=\"hidden\" name=\"_wpcf7_unit_tag\" value=\"wpcf7-f4695-o1\" \/>\n<input type=\"hidden\" name=\"_wpcf7_container_post\" value=\"0\" \/>\n<input type=\"hidden\" name=\"_wpcf7_posted_data_hash\" value=\"\" \/>\n<input type=\"hidden\" name=\"_wpcf7_recaptcha_response\" value=\"\" \/>\n<\/div>\n<p><label> Name, Vorname des Mieter (Pflichtfeld)<br \/>\n<span class=\"wpcf7-form-control-wrap\" data-name=\"your-name\"><input size=\"40\" maxlength=\"400\" class=\"wpcf7-form-control wpcf7-text wpcf7-validates-as-required\" aria-required=\"true\" aria-invalid=\"false\" value=\"\" type=\"text\" name=\"your-name\" \/><\/span> <\/label><br \/>\n<label> gew\u00fcnschter Miet-Termin (Pflichtfeld)<br \/>\n<span class=\"wpcf7-form-control-wrap\" data-name=\"your-termin\"><input class=\"wpcf7-form-control wpcf7-date wpcf7-validates-as-required wpcf7-validates-as-date\" aria-required=\"true\" aria-invalid=\"false\" value=\"\" type=\"date\" name=\"your-termin\" \/><\/span> <\/label><br \/>\n<label> Telefonnummer (Pflichtfeld)<br \/>\n<span class=\"wpcf7-form-control-wrap\" data-name=\"your-phone\"><input size=\"40\" maxlength=\"400\" class=\"wpcf7-form-control wpcf7-text wpcf7-validates-as-required\" aria-required=\"true\" aria-invalid=\"false\" value=\"\" type=\"text\" name=\"your-phone\" \/><\/span> <\/label><br \/>\n<label> E-Mail-Adresse (Pflichtfeld)<br \/>\n<span class=\"wpcf7-form-control-wrap\" data-name=\"your-email\"><input size=\"40\" maxlength=\"400\" class=\"wpcf7-form-control wpcf7-email wpcf7-validates-as-required wpcf7-text wpcf7-validates-as-email\" aria-required=\"true\" aria-invalid=\"false\" value=\"\" type=\"email\" name=\"your-email\" \/><\/span> <\/label>\n<\/p>\n<p><label> zus\u00e4tzliche Nachricht<br \/>\n<span class=\"wpcf7-form-control-wrap\" data-name=\"your-message\"><textarea cols=\"40\" rows=\"10\" maxlength=\"2000\" class=\"wpcf7-form-control wpcf7-textarea\" aria-invalid=\"false\" name=\"your-message\"><\/textarea><\/span> <\/label>\n<\/p>\n<p><label> <b><u>Wichtig:<\/u><\/b><br \/>\n<b>Hiermit willige ich in die Verarbeitung meiner pers\u00f6nlichen Daten gem\u00e4\u00df der zur Kenntnis<br \/>\ngenommenen Information \u201eInformation zum Datenschutz\u201c (siehe unten) ein.<\/b> <span class=\"wpcf7-form-control-wrap\" data-name=\"acceptance-DSGVO-treff\"><span class=\"wpcf7-form-control wpcf7-acceptance\"><span class=\"wpcf7-list-item\"><input type=\"checkbox\" name=\"acceptance-DSGVO-treff\" value=\"1\" aria-invalid=\"false\" \/><\/span><\/span><\/span> <\/label>\n<\/p>\n<p><input class=\"wpcf7-form-control wpcf7-submit has-spinner\" type=\"submit\" value=\"Senden\" \/>\n<\/p><div class=\"wpcf7-response-output\" aria-hidden=\"true\"><\/div>\n<\/form>\n<\/div>\n\n<p>&nbsp;<\/p>\n<h2>Information zum Datenschutz<\/h2>\n<p>Datenschutzrechtliche Informationen zur Verarbeitung Ihrer personenbezogenen Daten im Rahmen der Anmietung unseres Vereinsheims &#8222;Schwimmer-Treff&#8220;.<\/p>\n<p>Hiermit informiert Sie der Schwimmverein Friedrichsthal \u00fcber die Nutzung und Verarbeitung der von Ihnen angegebenen bzw. angeforderten personenbezogenen Daten.<br \/>\nMit den folgenden Informationen kommen wir unseren Verpflichtungen im Rahmen der EU-Datenschutzgrundverordnung nach:<br \/>\nVerantwortlich f\u00fcr die Datenverarbeitung ist der Schwimmverein Friedrichsthal 1937 e. V., Theodor-K\u00f6rner-Str. 31, 66299 Friedrichsthal, email: info@schwimmverein-friedrichsthal.de<\/p>\n<p>Damit wir Ihre Anmietung unseres Vereinsheims &#8222;Schwimmer-Treff&#8220;entsprechend verwalten k\u00f6nnen, verarbeiten wir auf Rechtsgrundlage nach Art. 6 Abs. 1 b der DSGVO folgende Ihrer angegebenen pers\u00f6nlichen Daten. Fehlende Angaben verhindern eine Anmietung unseres Vereinsheims &#8222;Schwimmer-Treff&#8220;.<\/p>\n<p><strong>Erhebung von Daten:<\/strong> Name, Vorname, Adresse, Telefonnummer, email-Adresse und gew\u00fcnschter Miettermin zum Zwecke der Verwaltung der Vermietung.<\/p>\n<p><strong>Weitergabe von Daten:<\/strong> Wir geben keinerlei Daten weiter.<\/p>\n<p><strong>Dauer der Speicherung:<\/strong> Diese Daten werden von uns solange gespeichert, wie zur Durchf\u00fchrung der Vermietung notwendig. Danach speichern wir die Daten im Rahmen der steuerrechtlichen Aufbewahrungsfristen.<\/p>\n<p>Weitere Hinweise:<br \/>\nSelbstverst\u00e4ndlich haben Sie jederzeit das Recht auf Auskunft \u00fcber die Sie betreffenden, von uns verarbeiteten personenbezogenen Daten sowie auf Berichtigung oder L\u00f6schung dieser Daten. Auch k\u00f6nnen Sie uns mitteilen, sofern Sie die Verarbeitung Ihrer Daten einschr\u00e4nken m\u00f6chten. Dar\u00fcber hinaus haben Sie jederzeit das Recht der weiteren Verarbeitung Ihrer personenbezogenen Daten zu widersprechen. Den Widerspruch k\u00f6nnen Sie formlos an den Vorstand in schriftlicher Form senden. Sie haben das Recht, von uns auf Nachfrage, die \u00fcber Sie bei uns gespeicherten personenbezogenen Daten in einem strukturierten, g\u00e4ngigen und maschinenlesbaren Format zu erhalten oder dass wir die Daten an einen anderen Verantwortlichen \u00fcbermitteln.<br \/>\nF\u00fcr den Fall, dass Sie die Ansicht vertreten, dass die Verwendung Ihrer Daten rechtswidrig erfolgt ist, haben Sie nach Art. 77 DSGVO das Recht, sich bei der zust\u00e4ndigen Aufsichtsbeh\u00f6rde zu beschweren. In unserem Fall bei dem unabh\u00e4ngigen Datenschutzzentrum Saarland unter poststelle@lfdi.saarland.de bzw. www.lfdi.saarland.de<\/p>\n","protected":false},"excerpt":{"rendered":"<p>Mit Hilfe dieses Formulars k\u00f6nnen Sie eine Miet-Anfrage f\u00fcr unser Vereinsheim &#8222;Schwimmer-Treff&#8220; stellen. Nach Eingang Ihrer Anfrage setzen wir uns [&hellip;]<\/p>\n","protected":false},"author":1,"featured_media":0,"parent":0,"menu_order":0,"comment_status":"closed","ping_status":"closed","template":"","meta":{"site-sidebar-layout":"default","site-content-layout":"","ast-site-content-layout":"","site-content-style":"default","site-sidebar-style":"default","ast-global-header-display":"","ast-banner-title-visibility":"","ast-main-header-display":"","ast-hfb-above-header-display":"","ast-hfb-below-header-display":"","ast-hfb-mobile-header-display":"","site-post-title":"","ast-breadcrumbs-content":"","ast-featured-img":"","footer-sml-layout":"","theme-transparent-header-meta":"","adv-header-id-meta":"","stick-header-meta":"","header-above-stick-meta":"","header-main-stick-meta":"","header-below-stick-meta":"","astra-migrate-meta-layouts":"default","ast-page-background-enabled":"default","ast-page-background-meta":{"desktop":{"background-color":"var(--ast-global-color-4)","background-image":"","background-repeat":"repeat","background-position":"center center","background-size":"auto","background-attachment":"scroll","background-type":"","background-media":"","overlay-type":"","overlay-color":"","overlay-opacity":"","overlay-gradient":""},"tablet":{"background-color":"","background-image":"","background-repeat":"repeat","background-position":"center center","background-size":"auto","background-attachment":"scroll","background-type":"","background-media":"","overlay-type":"","overlay-color":"","overlay-opacity":"","overlay-gradient":""},"mobile":{"background-color":"","background-image":"","background-repeat":"repeat","background-position":"center center","background-size":"auto","background-attachment":"scroll","background-type":"","background-media":"","overlay-type":"","overlay-color":"","overlay-opacity":"","overlay-gradient":""}},"ast-content-background-meta":{"desktop":{"background-color":"var(--ast-global-color-5)","background-image":"","background-repeat":"repeat","background-position":"center center","background-size":"auto","background-attachment":"scroll","background-type":"","background-media":"","overlay-type":"","overlay-color":"","overlay-opacity":"","overlay-gradient":""},"tablet":{"background-color":"var(--ast-global-color-5)","background-image":"","background-repeat":"repeat","background-position":"center center","background-size":"auto","background-attachment":"scroll","background-type":"","background-media":"","overlay-type":"","overlay-color":"","overlay-opacity":"","overlay-gradient":""},"mobile":{"background-color":"var(--ast-global-color-5)","background-image":"","background-repeat":"repeat","background-position":"center center","background-size":"auto","background-attachment":"scroll","background-type":"","background-media":"","overlay-type":"","overlay-color":"","overlay-opacity":"","overlay-gradient":""}},"footnotes":""},"class_list":["post-4693","page","type-page","status-publish","hentry"],"_links":{"self":[{"href":"https:\/\/www.schwimmverein-friedrichsthal.de\/index.php?rest_route=\/wp\/v2\/pages\/4693"}],"collection":[{"href":"https:\/\/www.schwimmverein-friedrichsthal.de\/index.php?rest_route=\/wp\/v2\/pages"}],"about":[{"href":"https:\/\/www.schwimmverein-friedrichsthal.de\/index.php?rest_route=\/wp\/v2\/types\/page"}],"author":[{"embeddable":true,"href":"https:\/\/www.schwimmverein-friedrichsthal.de\/index.php?rest_route=\/wp\/v2\/users\/1"}],"replies":[{"embeddable":true,"href":"https:\/\/www.schwimmverein-friedrichsthal.de\/index.php?rest_route=%2Fwp%2Fv2%2Fcomments&post=4693"}],"version-history":[{"count":3,"href":"https:\/\/www.schwimmverein-friedrichsthal.de\/index.php?rest_route=\/wp\/v2\/pages\/4693\/revisions"}],"predecessor-version":[{"id":4697,"href":"https:\/\/www.schwimmverein-friedrichsthal.de\/index.php?rest_route=\/wp\/v2\/pages\/4693\/revisions\/4697"}],"wp:attachment":[{"href":"https:\/\/www.schwimmverein-friedrichsthal.de\/index.php?rest_route=%2Fwp%2Fv2%2Fmedia&parent=4693"}],"curies":[{"name":"wp","href":"https:\/\/api.w.org\/{rel}","templated":true}]}}